/(-10). What is the greatest common divisor of f and m?
10
Suppose p - 10 = 5. Let c = 23 + -9. Let t be c/((-9)/p - -1). What is the greatest common factor of t and 14?
7
Let q = 46 - 14. Suppose -5*l = 144 - 384. Calculate the highest common factor of l and q.
16
Let q = 4 + -2. Let p be -2*(0 - q)/4. Suppose -4*s + 539 + p = 0. Calculate the highest common divisor of s and 54.
27
Let z = 13 + 31. Suppose 0 = -4*t + z - 8. Suppose 2*b + 3*b = 360. Calculate the highest common factor of t and b.
9
Suppose 27 = 3*t - 21. What is the highest common factor of 128 and t?
16
Suppose 3*y = 8*y + 50. Let b be 5/y + 13/2. What is the highest common factor of b and 4?
2
Let t(o) = 6*o**2 + 5*o - 5. Let d be 5/2*2*-1. Let i be t(d). Calculate the greatest common factor of i and 12.
12
Let a(c) = c**3 - 2*c**2 - c + 5. Let z be a(4). Let i(j) = -j**2 + 7*j - 7. Suppose 10 = l + l. Let k be i(l). What is the greatest common divisor of k and z?
3
Suppose -3*g + 2*g = -22. Calculate the highest common factor of g and 11.
11
Let k(p) = -p**3 - 5*p**2 - 5*p + 9. Let r be k(-6). What is the greatest common factor of 25 and r?
25
Let c be (-8)/16 - (-1)/2. Let i = c - -9. Calculate the highest common factor of 3 and i.
3
Suppose -5*f + 2*o + 83 = o, 0 = 5*f + 3*o - 71. Let y = -68 - -148. What is the greatest common divisor of y and f?
16
Suppose 7 + 137 = 6*s. Let d(q) = -q + 7. Let r be d(-5). Calculate the greatest common factor of r and s.
12
Suppose 14 = 4*i + 2. Let g(o) = o - 4. Let x be g(12). Let a = -5 + x. What is the highest common factor of i and a?
3
Let s(x) = x**3 - 2*x - 1. Let j be s(2). Suppose -4*o - 2*v + 24 = 0, -v - 56 = -5*o + j*v. Calculate the highest common divisor of o and 12.
4
Suppose -4*z = 3*x - 32, z = 2*x - 4*x + 13. What is the greatest common divisor of z and 45?
5
Suppose -4*l + 7*l = 2*j - 144, j = -2*l + 86. Calculate the highest common divisor of j and 39.
39
Let g be (-3)/((-6)/46) - -1. Calculate the highest common divisor of 36 and g.
12
Let b(j) = -9*j. Let i be b(-5). Let f = -87 + 92. What is the highest common factor of i and f?
5
Let a(t) = 14*t**2 + 3*t. Let c be a(-2). What is the highest common divisor of 20 and c?
10
Let l(b) = -b**3 + 2*b**2 - 1. Let m be l(2). Let f(r) = -17*r**3 - 2*r**2 - r. Let j be f(m). Calculate the highest common factor of j and 80.
16
Suppose -7*x = -3*x - 12. Suppose -2*q = q - x*r - 48, 0 = -5*q - 5*r + 50. Calculate the greatest common divisor of 52 and q.
13
Let b be (-2)/(-3) + (-116)/(-6). Let y = 10 + -20. Let a = b + y. What is the highest common factor of 10 and a?
10
Suppose -x - 4 = 5*l, -l + 6 + 10 = 3*x. Let s be (8/x)/(2/60). What is the greatest common divisor of 10 and s?
10
Let g be (-200)/(-32) - (-1)/(-4). Let k = 6 + g. Let p = k + -1. What is the highest common factor of p and 33?
11
Let q be (-12)/(-9)*1*15. Suppose 9*i = y + 4*i - q, 0 = 3*i + 9. What is the highest common divisor of y and 10?
5
Let f = -31 - -133. Let p be 1*f - (-10 + 7). Let v(i) = 22*i**2 + i. Let t be v(-1). Calculate the highest common factor of t and p.
21
Let x(l) = -l - 3. Let m be x(6). Let r = -4 - m. What is the greatest common factor of r and 5?
5
Suppose 0 = -c - 0 - 1. Let r(y) = -4*y + 1. Let i be r(c). Calculate the highest common divisor of 45 and i.
5
Suppose -2*n + 1 + 3 = 0. Suppose -144 = -2*v - n*v. Let w(s) = s**3 + 11*s**2 - s - 7. Let h be w(-11). Calculate the highest common divisor of v and h.
4
Suppose 0 = 5*x - 3*p - 106, x - 5*p = 24 + 6. Calculate the greatest common divisor of x and 100.
20
Suppose 0 = -3*g + 2*g + 18. Suppose 3*s = -0*s + g. Calculate the highest common divisor of 4 and s.
2
Suppose n + p = 8 + 12, -4*n - 5*p = -80. Suppose 3*h = 464 - 23. Suppose -3*k - r = -h, 4*r - r = -9. Calculate the highest common divisor of k and n.
10
Let j = 4 - -1. Suppose 4*a - 5*y = -y - 16, -6 = 2*a - y. Let w be (-634)/(-14) + a/7. Calculate the highest common factor of j and w.
5
Suppose 3*o - 19 = -s, 3*s - 5*s = 5*o - 37. What is the greatest common divisor of 256 and s?
16
Let v(w) = -24*w**2. Let q be v(1). Let g = -14 - q. Let b be (-60 - -4)/((-4)/g). What is the greatest common factor of 14 and b?
14
Suppose -4*w = -8*w + 176. What is the highest common factor of 396 and w?
44
Let n be 20 + -20 - (81/(-3) + 0). What is the greatest common factor of n and 36?
9
Let m(l) = l**3 + 8*l**2 - l. Let b be m(-8). Calculate the greatest common factor of b and 24.
8
Let g(h) = h**2 + 7*h + 5. Let v be g(-6). Let s = 3 + v. Let d be 63/s*108/21. What is the greatest common factor of d and 18?
18
Suppose 5*w + 0*w = 180. Calculate the highest common factor of w and 9.
9
Let d(p) = -17*p**3 - 2*p - 1. Let f be d(-1). Calculate the highest common factor of 2 and f.
2
Suppose -3*g - 28 + 136 = 0. What is the highest common factor of g and 24?
12
Suppose -3*m = -6 - 3. Calculate the highest common factor of m and 3.
3
Let x be (2 - 26/2)/(-1). Let z be -2 + (2 - 9)*-5. What is the highest common factor of x and z?
11
Let o be 3/3 + 2*5. Suppose -3*n + 6*y = y - 198, 0 = -5*n - y + 302. Suppose n = v - o. What is the greatest common factor of v and 9?
9
Suppose -7*t + 4*t + 48 = 0. Calculate the highest common divisor of 8 and t.
8
Suppose 3*p = -p + 20. Suppose -p*g - 3*z = -77, -3*g - z = -2*g - 17. Suppose -65 = -11*u + 6*u. What is the highest common factor of g and u?
13
Let t(r) = -r + 65. Let f be t(0). Let u = -12 + -10. Let y = 48 + u. What is the greatest common divisor of f and y?
13
Let y(g) = -2*g**2 - 10*g - 5. Let p be y(-5). Let b be (-276)/(-5) + p/25. What is the highest common divisor of 5 and b?
5
Let m = -49 - -31. Let l = m - -30. Calculate the highest common divisor of l and 36.
12
Let h = -6 - -14. Let x be (12 + 0)*(2 + 0). What is the greatest common factor of h and x?
8
Suppose 0 = -2*r - 3*l + 59, -r - 2*l = -0 - 29. Suppose 5*k - 29 = r. What is the greatest common factor of 84 and k?
12
Let j be (-980)/(-42) + (-2)/(-3). Calculate the highest common factor of j and 12.
12
Let o = 1 - 7. Let u = 27 + o. Let p be (u/5)/((-1)/(-5)). What is the greatest common divisor of 14 and p?
7
Let n = -18 - -154. Suppose t - 106 = -5*y, -t - n = -5*y - 22. Suppose -5*r + 8 = -y. Calculate the greatest common factor of r and 6.
6
Suppose 2*h + 2*h - 12 = 0. Suppose 442 = h*z + 4*j, 0*j + 288 = 2*z + 4*j. What is the greatest common divisor of 22 and z?
22
Let w be 6/(-4) - (-90)/12. Suppose -28 = -2*c - w. Let p(v) = 2*v**2 - 4*v - 4. Let u be p(6). Calculate the greatest common factor of u and c.
11
Suppose -2*i + 6*i = 88. Calculate the highest common divisor of i and 176.
22
Let p be (1 - -3)*-44*(-4)/64. Calculate the greatest common divisor of 121 and p.
11
Let q be (1 + 0 - 0) + -3 + 11. Calculate the greatest common divisor of 18 and q.
9
Let g(m) = -m**3 - 3*m**2 + 3*m + 6. Let l = -5 - -6. Let h = l - 5. Let u be g(h). Calculate the greatest common factor of u and 2.
2
Suppose 3*q + z = -0*q + 427, 5*q - 4*z - 740 = 0. What is the highest common divisor of q and 18?
18
Let n be (2 - 12)*(-4)/5. Suppose 4*q - 2 = q + 2*o, n = 5*q - o. Suppose -6 - 17 = -r + 5*b, -b - 35 = -4*r. Calculate the greatest common divisor of q and r.
2
Suppose 30 = -0*y + 2*y. Let s be 2 - (-5)/(y/9). Suppose 5*t + 300 = 5*w, -3*t = -s*w + 290 + 2. Calculate the greatest common factor of w and 8.
8
Let h = -130 + 181. Calculate the greatest common factor of h and 34.
17
Suppose 3*c - 95 = -2*w + 149, -c + 2*w + 76 = 0. Let l be -6*(-1 + (-2)/(-6)). Suppose c = -3*m + l*m. What is the greatest common factor of 10 and m?
10
Let f = 1 + 0. Let k be -1*f + (116 - 5). Let n(l) = -l**3 + 6*l**2 - 2*l - 5. Let m be n(5). What is the greatest common factor of k and m?
10
Suppose -4*g = 5*p - 4*p - 112, 0 = -4*g + 16. Calculate the highest common factor of 12 and p.
12
Suppose 5 = 5*g - 80. Let u = g + -7. Calculate the greatest common factor of 25 and u.
5
Suppose 0 = 5*w - 15, -v + 2*w + 2 = -5. Let d = v + -8. What is the greatest common divisor of d and 20?
5
Let y = -71 - -43. Let b be 54 + (-2)/4*-2. Let u = y + b. What is the highest common divisor of 3 and u?
3
Let o be (-2)/(-3)*(-1 - -4). Calculate the highest common divisor of o and 14.
2
Suppose -y = 4*m + 5, 0*y 